nd 61?
61
What is the greatest common factor of 696 and 246819?
87
Calculate the highest common factor of 355 and 5.
5
What is the greatest common divisor of 158 and 197263?
79
Calculate the highest common divisor of 14 and 17668.
14
Calculate the highest common factor of 131643 and 18.
9
What is the greatest common factor of 11484 and 30492?
396
Calculate the greatest common divisor of 160 and 325370.
10
Calculate the greatest common divisor of 210 and 271005.
105
What is the highest common divisor of 1214125 and 1375?
1375
What is the greatest common factor of 2457938 and 686?
686
Calculate the greatest common divisor of 324683 and 8339.
269
Calculate the greatest common factor of 138390 and 210.
210
Calculate the greatest common factor of 207 and 4383.
9
Calculate the highest common divisor of 260 and 18388.
4
What is the highest common divisor of 7866 and 111492?
342
Calculate the greatest common divisor of 7694 and 174.
2
Calculate the highest common factor of 2159352 and 13.
13
What is the greatest common factor of 9 and 579?
3
Calculate the greatest common divisor of 120341 and 169.
13
What is the highest common factor of 1704 and 2414?
142
What is the highest common divisor of 44693 and 478?
239
What is the highest common factor of 1247 and 1591?
43
Calculate the highest common divisor of 400015 and 11.
11
What is the highest common divisor of 2694 and 192?
6
What is the highest common factor of 18069910 and 1010?
1010
Calculate the highest common divisor of 18 and 1277550.
18
What is the highest common factor of 669564 and 72?
36
Calculate the greatest common factor of 246240 and 152.
152
Calculate the highest common divisor of 580 and 142361.
29
What is the greatest common divisor of 186 and 217806?
186
What is the highest common divisor of 468457 and 814?
407
Calculate the greatest common divisor of 11008 and 256.
256
What is the highest common factor of 183 and 355935?
183
Calculate the highest common factor of 168 and 606.
6
Calculate the highest common factor of 11 and 778954.
11
What is the highest common factor of 41 and 3994712?
41
Calculate the highest common factor of 1741616 and 152.
152
Calculate the highest common factor of 17835 and 19680.
615
What is the highest common divisor of 774 and 21?
3
Calculate the highest common factor of 5406 and 19398.
318
Calculate the greatest common factor of 497 and 1633.
71
Calculate the highest common factor of 2640 and 37320.
120
What is the highest common divisor of 109826 and 617?
617
Calculate the highest common divisor of 880 and 1489312.
176
What is the highest common divisor of 23696 and 80?
16
What is the greatest common factor of 107 and 129791?
107
Calculate the highest common factor of 394 and 55357.
197
What is the greatest common factor of 8844224 and 64?
64
Calculate the highest common factor of 16 and 35400.
8
What is the highest common divisor of 1040 and 161655?
65
What is the greatest common factor of 9064 and 7304?
88
Calculate the greatest common factor of 4 and 142292.
4
Calculate the greatest common factor of 84515 and 2.
1
Calculate the greatest common divisor of 12 and 4212.
12
What is the greatest common divisor of 311 and 103874?
311
What is the highest common factor of 15 and 392565?
15
What is the highest common factor of 3217647 and 129?
129
Calculate the highest common divisor of 2880 and 27990.
90
What is the highest common divisor of 7429 and 17?
17
What is the greatest common factor of 49240 and 160?
40
Calculate the greatest common divisor of 724 and 517117.
181
What is the highest common divisor of 1162 and 77?
7
What is the highest common divisor of 12 and 48876?
12
Calculate the highest common divisor of 132 and 7821.
33
Calculate the greatest common divisor of 396594 and 462.
66
Calculate the greatest common divisor of 4002 and 6647.
23
What is the highest common divisor of 1632 and 609824?
544
Calculate the highest common divisor of 8866 and 6149.
143
Calculate the greatest common factor of 130650 and 1139.
67
Calculate the highest common factor of 11513 and 348.
29
What is the highest common divisor of 8 and 246684?
4
Calculate the highest common factor of 72 and 486456.
24
Calculate the highest common divisor of 19900 and 700.
100
Calculate the greatest common factor of 60349 and 29.
29
What is the greatest common factor of 15454 and 4?
2
Calculate the highest common divisor of 3097 and 1141.
163
What is the highest common divisor of 3200993 and 82?
41
Calculate the greatest common divisor of 5457 and 459.
51
Calculate the greatest common divisor of 12721078 and 166.
166
Calculate the highest common divisor of 19107 and 63.
9
Calculate the highest common divisor of 742 and 512722.
742
What is the highest common factor of 209540 and 30?
10
Calculate the highest common divisor of 23109 and 6.
3
What is the greatest common divisor of 86563 and 321?
107
Calculate the highest common divisor of 342 and 6042.
114
What is the highest common divisor of 328 and 48134?
82
Calculate the greatest common divisor of 203 and 1496168.
29
Calculate the greatest common factor of 69280 and 19840.
160
What is the greatest common divisor of 240 and 47865?
15
What is the highest common divisor of 100 and 20890?
10
Calculate the greatest common factor of 3403 and 32121.
83
What is the greatest common factor of 33552 and 576?
144
Calculate the highest common factor of 31252 and 156.
52
Calculate the greatest common factor of 116 and 89639.
29
Calculate the greatest common factor of 230200 and 520.
40
What is the highest common divisor of 7011 and 2223?
171
Calculate the greatest common divisor of 152 and 1072.
8
What is the highest common factor of 74 and 91094?
74
What is the greatest common factor of 3075 and 8025?
75
Calculate the greatest common divisor of 906 and 3462.
6
What is the greatest common factor of 394 and 8?
2
Calculate the greatest common factor of 18 and 25458.
6
What is the greatest common factor of 63 and 10752?
21
Calculate the highest common factor of 6 and 289329.
3
What is the highest common divisor of 11979 and 288?
9
Calculate the greatest common factor of 4725252 and 1224.
612
Calculate the highest common divisor of 81490 and 87.
29
Calculate the greatest common divisor of 35301 and 1353.
123
Calculate the highest common divisor of 929600 and 51792.
1328
Calculate the greatest common factor of 1346 and 757125.
673
Calculate the highest common factor of 13467 and 1608.
201
Calculate the greatest common divisor of 5400 and 4590.
270
Calculate the greatest common factor of 130 and 2122965.
65
Calculate the greatest common divisor of 768380 and 20.
20
What is the highest common divisor of 1197 and 29169?
63
Calculate the highest common divisor of 1078 and 7.
7
What is the greatest common factor of 86217 and 1392?
87
What is the highest common divisor of 24405 and 270?
15
Calculate the highest common divisor of 34565580 and 20.
20
Calculate the greatest common factor of 13845 and 163995.
195
What is the highest common factor of 376102 and 23914?
2174
Calculate the greatest common factor of 50554 and 22862.
322
What is the greatest common divisor of 1625 and 260?
65
Calculate the greatest common factor of 782 and 6187.
23
What is the greatest common divisor of 616 and 50776?
88
What is the greatest common divisor of 5934 and 198?
6
What is the greatest common factor of 36 and 3596823?
9
Calculate the greatest common divisor of 36 and 143550.
18
Calculate the highest common divisor of 710980 and 460.
20
Calculate the greatest common divisor of 1532399 and 11.
11
Calculate the greatest common factor of 14 and 20195.
7
What is the greatest common factor of 2198448 and 224?
112
What is the highest common factor of 25 and 1212175?
25
Calculate the greatest common divisor of 3466 and 514701.
1733
What is the greatest common divisor of 4642 and 48752?
22
What is the greatest common divisor of 272572 and 332?
332
What is the greatest common divisor of 630 and 177390?
90
What is the greatest common factor of 1834 and 161?
7
What is the greatest common factor of 8495710 and 10?
10
Calculate the greatest common factor of 1530 and 819570.
510
Calculate the greatest common divisor of 309663 and 18.
9
Calculate the highest common divisor of 74443 and 3451.
4